8, what is -14022 + 1?
-14021
In base 4, what is -3 - -1321300?
1321231
In base 2, what is -1000111 - -1011111?
11000
In base 10, what is -7 + 36?
29
In base 4, what is 13 - 122123?
-122110
In base 6, what is 102502 - 1?
102501
In base 7, what is -5 - -31?
23
In base 14, what is -6 - 16?
-1c
In base 7, what is -414 - 5?
-422
In base 9, what is -202 - 4?
-206
In base 12, what is 5 + -1054?
-104b
In base 9, what is -30 + -37?
-67
In base 10, what is 10 - -26?
36
In base 10, what is 3064 + 1?
3065
In base 4, what is -1003 + 2?
-1001
In base 10, what is 4 - 1918?
-1914
In base 12, what is -5 - 544?
-549
In base 5, what is 3001 - 31?
2420
In base 13, what is 4 - 1?
3
In base 9, what is -1455 + -3?
-1458
In base 14, what is 16 - -79?
91
In base 10, what is 311 + -11?
300
In base 5, what is 3033 - 12?
3021
In base 7, what is -4 + 135?
131
In base 5, what is 42 - -4?
101
In base 2, what is 1 + -11001?
-11000
In base 3, what is -12200002 - 10?
-12200012
In base 9, what is 10 + 25?
35
In base 6, what is 12 + -33?
-21
In base 4, what is -1 - -2001?
2000
In base 5, what is -3 + -101242?
-101300
In base 16, what is -14b + 6?
-145
In base 4, what is 30103 + -11?
30032
In base 12, what is 248 - 1?
247
In base 12, what is -5 - 5b?
-64
In base 15, what is 57 + 5?
5c
In base 15, what is d7 + -3?
d4
In base 7, what is -3102 - -4?
-3065
In base 4, what is -32 - 12?
-110
In base 7, what is 6 - 532?
-523
In base 3, what is -112001 + 11?
-111220
In base 15, what is 20d - 0?
20d
In base 15, what is 13 - -7a?
8d
In base 3, what is -102102 + 10?
-102022
In base 7, what is 4 - 14?
-10
In base 14, what is -20b + -2?
-20d
In base 5, what is 2 - 224?
-222
In base 8, what is 27 - -220?
247
In base 4, what is -12 - -3013?
3001
In base 4, what is 203 - 1131?
-322
In base 9, what is 6 + -4?
2
In base 3, what is -101 - 1001?
-1102
In base 6, what is -5 - 1151?
-1200
In base 8, what is -1165 - 0?
-1165
In base 16, what is -234 - 5?
-239
In base 12, what is 215 - 33?
1a2
In base 8, what is -4 + -222?
-226
In base 4, what is -110 + -20?
-130
In base 11, what is 2 + 67?
69
In base 12, what is -488 + -4?
-490
In base 3, what is -22022222 + -10?
-22100002
In base 8, what is -376 + -12?
-410
In base 12, what is 620 + 4?
624
In base 15, what is -a76 - 5?
-a7b
In base 8, what is 3 - -2102?
2105
In base 3, what is 101012 + 120?
101202
In base 15, what is 5 + 28?
2d
In base 12, what is 11 - -2?
13
In base 5, what is -200 - -10?
-140
In base 3, what is 11 - 2122111?
-2122100
In base 2, what is 1110 + -110101?
-100111
In base 8, what is 1 - -11362?
11363
In base 5, what is -20 + -414?
-434
In base 2, what is -1 - 11011010100?
-11011010101
In base 2, what is 101 + -1011000?
-1010011
In base 12, what is -7 - -4?
-3
In base 11, what is 4a5 - -4?
4a9
In base 2, what is 10 + 1000?
1010
In base 5, what is -1003 + -12?
-1020
In base 7, what is 0 + -144?
-144
In base 15, what is 5 + 50?
55
In base 11, what is -22 - -8?
-15
In base 4, what is 2302 - -10?
2312
In base 10, what is -9 - 12?
-21
In base 3, what is -1 + -20201?
-20202
In base 6, what is 152 - -1?
153
In base 12, what is 4 + -15?
-11
In base 7, what is -1 - -356?
355
In base 13, what is -5c - -2?
-5a
In base 7, what is 31 + -565?
-534
In base 14, what is -12 - -3?
-d
In base 13, what is -9c3 + b?
-9b5
In base 13, what is 143 - 2?
141
In base 16, what is 63c - -4?
640
In base 10, what is 247 + -4?
243
In base 8, what is -24011 - -3?
-24006
In base 16, what is -2f - -4?
-2b
In base 7, what is 2461 + 3?
2464
In base 16, what is -f + -13?
-22
In base 7, what is -140 + 25?
-112
In base 6, what is 11 + 5441?
5452
In base 12, what is -19 - 10?
-29
In base 9, what is 105 + -11?
84
In base 10, what is 2 - -75?
77
In base 15, what is 5 + -25?
-20
In base 13, what is -5 + -19?
-21
In base 12, what is -3 + 296?
293
In base 4, what is 100 + -3312?
-3212
In base 13, what is 53 + 13?
66
In base 13, what is -3 + -135b?
-1361
In base 15, what is -4 + -53?
-57
In base 2, what is 0 - 100001101?
-100001101
In base 12, what is 17 - -7?
22
In base 2, what is 1000010111 + 1?
1000011000
In base 15, what is 9 + 38?
42
In base 13, what is -5 - -8?
3
In base 16, what is 7 + -219?
-212
In base 6, what is 5 - -224?
233
In base 15, what is -2d - -17?
-16
In base 7, what is 554 + 3?
560
In base 12, what is 2938 + -2?
2936
In base 16, what is -f + -34?
-43
In base 5, what is -220 + 1101?
331
In base 12, what is 83 - 3?
80
In base 5, what is -11 + -12203?
-12214
In base 2, what is -10 + -1110001?
-1110011
In base 6, what is 12413 - 3?
12410
In base 12, what is -2a + -5?
-33
In base 10, what is 70 + 6?
76
In base 9, what is 1 + 3183?
3184
In base 2, what is -11 - -110011?
110000
In base 13, what is 10 + b?
1b
In base 13, what is -405 + -1?
-406
In base 9, what is -147 - 2?
-150
In base 10, what is 68 + 7?
75
In base 13, what is -a54 - 3?
-a57
In base 9, what is -1 + 2313?
2312
In base 3, what is -11 + 21010?
20222
In base 11, what is 96 - 3?
93
In base 16, what is -2 - -49?
47
In base 16, what is -17d + 4?
-179
In base 12, what is 216 - -2?
218
In base 6, what is -225 - -141?
-44
In base 4, what is -110 - -2002?
1232
In base 13, what is -9 + 61?
55
In base 12, what is -411 + 0?
-411
In base 8, what is 1 + 1200?
1201
In base 16, what is 527 + 6?
52d
In base 3, what is -1101 + -20?
-1121
In base 10, what is 1 - -660?
661
In base 4, what is 0 - -133?
133
In base 16, what is -8 - -7?
-1
In base 4, what is -12230 + -10?
-12300
In base 14, what is -3 - -c86?
c83
In base 15, what is 63c - d?
62e
In base 5, what is 1200 - 14?
1131
In base 3, what is 100001 - 100?
22201
In base 11, what is 7a - -3?
82
In base 9, what is -4 + 31?
26
In base 6, what is 3 - 5?
-2
In base 16, what is -421 + 4?
-41d
In base 13, what is -298a + -3?
-2990
In base 2, what is 11100100101101 - 0?
11100100101101
In base 7, what is 62 + 100?
162
In base 3, what is 0 + -10110100?
-10110100
In base 5, what is 12 - 1402?
-1340
In base 16, what is 773 - -4?
777
In base 7, what is 216 - 4?
212
In base 11, what is 5a + 13?
72
In base 3, what is 101202 + 0?
101202
In base 6, what is -3 - -224?
221
In base 11, what is 215 - 48?
178
In base 13, what is 4 + -139a?
-1396
In base 3, what is 0 - 1120?
-1120
In base 7, what is -400 + 40?
-330
In base 12, what is -2 - 1b8?
-1ba
In base 15, what is 9 - -29?
33
In base 3, what is 1100 - 2111?
-1011
In base 3, what is -2211 + -2?
-2220
In base 8, what is 4 + -1232?
-1226
In base 13, what is 1 + -527?
-526
In base 8, what is -1 + 1144?
1143
In base 14, what is 10 + -25c?
-24c
In base 2, what is 101 + -10011110?
-10011001
In base 7, what is -2062 + 0?
-2062
In base 6, what is 350 - 4?
342
In base 7, what is -22 + -2360?
-2412
In base 6, what is 25002 - -3?
25005
In base 14, what is -535 - -1?
-534
In base 3, what is 0 - -10110?
10110
In base 8, what is -5 - -211?
204
In base 3, what is 20200021 - 10?
20200011
In base 13, what is 345 + 7?
34c
In base 8, what is 5 - 1204?
-1177
In base 13, what is -1 - -11?
10
In base 6, what is 415 - -3?
422
In base 9, what is -4 - -55?
51
In base 14, what is -4 - -867?
863
In base 6, what is 3435 + 31?
3510
In base 7, what is -231 + 12?
-216
In base 12, what is 2 - 64?
-62
In base 15, what is 1c - -18?
35
In base 2, what is -101 + 1011?
110
In base 10, what is 76 - -107?
183
In base 16, what is 3ea - -8?
3f2
In base 9, what is 5 + -5?
0
In base 13, what is -4 - 320?
-324
In base 14, what is 3 + 1b8?
1bb
In base 8, what is 115 + -5?
110
In base 11, what is 79 - 1?
78
In base 7, what is 4432 - 3?
4426
In base 3, what is -1101110101 + -10?
-1101110111
In base 5, what is -13 - 1044?
-1112
In base 14, what is -7 - 272?
-279
In base 4, what is -10 + -2222?
-2232
In base 9, what is 331 - -6?
337
In base 3, what is 2020200 + 11?
2020211
In base 3, what is -102 + 22010?
21201
In base 6, what is -124 - 3?
-131
In base 8, what is -2 - -5521?
5517
In base 7, what is 4 - -14?
21
In base 13, what is -3 - -892?
88c
In base 4, what is -211 + -311?
-1122
In base 16, what is 5 + 2f?
34
In base 10, what is 5 - 117?
-112
In base 6, what is -13 + 1054?
1041
In base 13, what is 17 + 3?
1a
In base 11, what is 2 + 321?
323
In base 16, what is 2 - -3f?
41
In base 9, what is -47025 - 4?
-47030
In base 13, what is 2b + -2a?
1
In base 13, what is 911b - 5?
9116
In bas